CRAN Package Check Results for Package DClusterm

Last updated on 2020-12-04 00:48:19 CET.

Flavor Version Tinstall Tcheck Ttotal Status Flags
r-devel-linux-x86_64-debian-clang 1.0-1 16.43 267.08 283.51 NOTE
r-devel-linux-x86_64-debian-gcc 1.0-1 15.01 205.34 220.35 NOTE
r-devel-linux-x86_64-fedora-clang 1.0-1 349.91 NOTE
r-devel-linux-x86_64-fedora-gcc 1.0-1 355.68 NOTE
r-devel-windows-ix86+x86_64 1.0-1 40.00 144.00 184.00 OK --no-vignettes
r-patched-linux-x86_64 1.0-1 16.35 255.83 272.18 NOTE
r-patched-solaris-x86 1.0-1 1195.80 NOTE
r-release-linux-x86_64 1.0-1 17.27 254.72 271.99 NOTE
r-release-macos-x86_64 1.0-1 NOTE
r-release-windows-ix86+x86_64 1.0-1 32.00 215.00 247.00 OK --no-vignettes
r-oldrel-macos-x86_64 1.0-1 NOTE
r-oldrel-windows-ix86+x86_64 1.0-1 32.00 197.00 229.00 OK --no-vignettes

Check Details

Version: 1.0-1
Check: package dependencies
Result: NOTE
    Package suggested but not available for checking: 'INLA'
Flavors: r-devel-linux-x86_64-debian-clang, r-devel-linux-x86_64-debian-gcc, r-patched-linux-x86_64, r-patched-solaris-x86, r-release-linux-x86_64, r-release-macos-x86_64, r-oldrel-macos-x86_64

Version: 1.0-1
Check: data for non-ASCII characters
Result: NOTE
     Note: found 2 marked Latin-1 strings
Flavors: r-devel-linux-x86_64-fedora-clang, r-devel-linux-x86_64-fedora-gcc, r-patched-solaris-x86, r-release-macos-x86_64, r-oldrel-macos-x86_64