CRAN Package Check Results for Package CytobankAPI

Last updated on 2020-12-04 00:48:19 CET.

Flavor Version Tinstall Tcheck Ttotal Status Flags
r-devel-linux-x86_64-debian-clang 1.3.0 11.77 44.03 55.80 OK
r-devel-linux-x86_64-debian-gcc 1.3.0 8.72 35.13 43.85 OK
r-devel-linux-x86_64-fedora-clang 1.3.0 71.27 OK
r-devel-linux-x86_64-fedora-gcc 1.3.0 64.27 OK
r-devel-windows-ix86+x86_64 1.3.0 20.00 64.00 84.00 OK
r-patched-linux-x86_64 1.3.0 10.47 43.21 53.68 OK
r-patched-solaris-x86 1.3.0 88.00 NOTE
r-release-linux-x86_64 1.3.0 8.85 43.19 52.04 OK
r-release-macos-x86_64 1.3.0 OK
r-release-windows-ix86+x86_64 1.3.0 11.00 49.00 60.00 OK
r-oldrel-macos-x86_64 1.3.0 OK
r-oldrel-windows-ix86+x86_64 1.3.0 12.00 60.00 72.00 OK

Check Details

Version: 1.3.0
Check: installed package size
Result: NOTE
     installed size is 5.2Mb
     sub-directories of 1Mb or more:
     doc 4.3Mb
Flavor: r-patched-solaris-x86