CRAN Package Check Results for Package CrypticIBDcheck

Last updated on 2020-12-04 00:48:19 CET.

Flavor Version Tinstall Tcheck Ttotal Status Flags
r-devel-linux-x86_64-debian-clang 0.3-3 14.72 122.75 137.47 OK
r-devel-linux-x86_64-debian-gcc 0.3-3 12.23 94.72 106.95 OK
r-devel-linux-x86_64-fedora-clang 0.3-3 183.19 OK
r-devel-linux-x86_64-fedora-gcc 0.3-3 168.04 OK
r-devel-windows-ix86+x86_64 0.3-3 38.00 204.00 242.00 OK
r-patched-linux-x86_64 0.3-3 16.95 115.57 132.52 OK
r-release-linux-x86_64 0.3-3 16.08 112.90 128.98 OK
r-release-macos-x86_64 0.3-3 ERROR
r-release-windows-ix86+x86_64 0.3-3 30.00 181.00 211.00 OK
r-oldrel-macos-x86_64 0.3-3 OK
r-oldrel-windows-ix86+x86_64 0.3-3 17.00 6.00 23.00 ERROR

Check Details

Version: 0.3-3
Check: package dependencies
Result: ERROR
    Packages required but not available: 'rJPSGCS', 'chopsticks'
    
    See section ‘The DESCRIPTION file’ in the ‘Writing R Extensions’
    manual.
Flavor: r-release-macos-x86_64

Version: 0.3-3
Check: whether package can be installed
Result: ERROR
    Installation failed.
Flavor: r-oldrel-windows-ix86+x86_64