Last updated on 2020-12-04 00:48:19 CET.
Flavor | Version | Tinstall | Tcheck | Ttotal | Status | Flags |
---|---|---|---|---|---|---|
r-devel-linux-x86_64-debian-clang | 1.1.1 | 51.27 | 29.15 | 80.42 | OK | |
r-devel-linux-x86_64-debian-gcc | 1.1.1 | 37.57 | 23.99 | 61.56 | OK | |
r-devel-linux-x86_64-fedora-clang | 1.1.1 | 115.60 | NOTE | |||
r-devel-linux-x86_64-fedora-gcc | 1.1.1 | 100.65 | NOTE | |||
r-devel-windows-ix86+x86_64 | 1.1.1 | 108.00 | 76.00 | 184.00 | OK | |
r-patched-linux-x86_64 | 1.1.1 | 42.25 | 27.85 | 70.10 | OK | |
r-patched-solaris-x86 | 1.1.1 | 108.20 | OK | |||
r-release-linux-x86_64 | 1.1.1 | 43.43 | 28.66 | 72.09 | OK | |
r-release-macos-x86_64 | 1.1.1 | NOTE | ||||
r-release-windows-ix86+x86_64 | 1.1.1 | 79.00 | 74.00 | 153.00 | OK | |
r-oldrel-macos-x86_64 | 1.1.1 | NOTE | ||||
r-oldrel-windows-ix86+x86_64 | 1.1.1 | 83.00 | 71.00 | 154.00 | OK |
Version: 1.1.1
Check: installed package size
Result: NOTE
installed size is 6.6Mb
sub-directories of 1Mb or more:
libs 6.5Mb
Flavors: r-devel-linux-x86_64-fedora-clang, r-release-macos-x86_64, r-oldrel-macos-x86_64
Version: 1.1.1
Check: compiled code
Result: NOTE
File ‘CoxPlus/libs/CoxPlus.so’:
Found no calls to: ‘R_registerRoutines’, ‘R_useDynamicSymbols’
It is good practice to register native routines and to disable symbol
search.
See ‘Writing portable packages’ in the ‘Writing R Extensions’ manual.
Flavors: r-devel-linux-x86_64-fedora-clang, r-devel-linux-x86_64-fedora-gcc