CRAN Package Check Results for Package CovSelHigh

Last updated on 2020-12-04 00:48:19 CET.

Flavor Version Tinstall Tcheck Ttotal Status Flags
r-devel-linux-x86_64-debian-clang 1.1.1 17.04 95.70 112.74 OK
r-devel-linux-x86_64-debian-gcc 1.1.1 13.46 74.08 87.54 OK
r-devel-linux-x86_64-fedora-clang 1.1.1 152.43 OK
r-devel-linux-x86_64-fedora-gcc 1.1.1 137.13 OK
r-devel-windows-ix86+x86_64 1.1.1 29.00 115.00 144.00 OK
r-patched-linux-x86_64 1.1.1 17.14 90.05 107.19 OK
r-patched-solaris-x86 1.1.1 191.60 OK
r-release-linux-x86_64 1.1.1 15.54 89.64 105.18 OK
r-release-macos-x86_64 1.1.1 OK
r-release-windows-ix86+x86_64 1.1.1 22.00 105.00 127.00 OK
r-oldrel-macos-x86_64 1.1.1 OK
r-oldrel-windows-ix86+x86_64 1.1.1 15.00 6.00 21.00 ERROR

Check Details

Version: 1.1.1
Check: whether package can be installed
Result: ERROR
    Installation failed.
Flavor: r-oldrel-windows-ix86+x86_64