Last updated on 2020-12-04 00:48:19 CET.
Flavor | Version | Tinstall | Tcheck | Ttotal | Status | Flags |
---|---|---|---|---|---|---|
r-devel-linux-x86_64-debian-clang | 3.0 | 10.82 | 90.89 | 101.71 | OK | |
r-devel-linux-x86_64-debian-gcc | 3.0 | 8.85 | 71.19 | 80.04 | OK | |
r-devel-linux-x86_64-fedora-clang | 3.0 | 129.96 | NOTE | |||
r-devel-linux-x86_64-fedora-gcc | 3.0 | 120.89 | OK | |||
r-devel-windows-ix86+x86_64 | 3.0 | 23.00 | 121.00 | 144.00 | OK | |
r-patched-linux-x86_64 | 3.0 | 9.39 | 86.90 | 96.29 | OK | |
r-patched-solaris-x86 | 3.0 | 162.70 | OK | |||
r-release-linux-x86_64 | 3.0 | 9.58 | 86.48 | 96.06 | OK | |
r-release-macos-x86_64 | 3.0 | OK | ||||
r-release-windows-ix86+x86_64 | 3.0 | 16.00 | 125.00 | 141.00 | OK | |
r-oldrel-macos-x86_64 | 3.0 | OK | ||||
r-oldrel-windows-ix86+x86_64 | 3.0 | 15.00 | 115.00 | 130.00 | OK |
Version: 3.0
Check: Rd cross-references
Result: NOTE
Undeclared package ‘betareg’ in Rd xrefs
Flavor: r-devel-linux-x86_64-fedora-clang