Last updated on 2020-12-04 00:48:19 CET.
Flavor | Version | Tinstall | Tcheck | Ttotal | Status | Flags |
---|---|---|---|---|---|---|
r-devel-linux-x86_64-debian-clang | 1.2.17 | 3.61 | 54.27 | 57.88 | NOTE | |
r-devel-linux-x86_64-debian-gcc | 1.2.17 | 2.74 | 39.89 | 42.63 | OK | |
r-devel-linux-x86_64-fedora-clang | 1.2.17 | 77.92 | NOTE | |||
r-devel-linux-x86_64-fedora-gcc | 1.2.17 | 68.13 | OK | |||
r-devel-windows-ix86+x86_64 | 1.2.17 | 6.00 | 74.00 | 80.00 | OK | |
r-patched-linux-x86_64 | 1.2.17 | 3.41 | 50.87 | 54.28 | OK | |
r-release-linux-x86_64 | 1.2.17 | 3.65 | 50.64 | 54.29 | OK | |
r-release-macos-x86_64 | 1.2.17 | OK | ||||
r-release-windows-ix86+x86_64 | 1.2.17 | 6.00 | 65.00 | 71.00 | OK | |
r-oldrel-macos-x86_64 | 1.2.17 | NOTE | ||||
r-oldrel-windows-ix86+x86_64 | 1.2.17 | 5.00 | 66.00 | 71.00 | OK |
Version: 1.2.17
Check: package dependencies
Result: NOTE
Package suggested but not available for checking: 'xcms'
Flavors: r-devel-linux-x86_64-debian-clang, r-devel-linux-x86_64-fedora-clang, r-oldrel-macos-x86_64