CRAN Package Check Results for Package CommonJavaJars

Last updated on 2020-12-04 00:48:19 CET.

Flavor Version Tinstall Tcheck Ttotal Status Flags
r-devel-linux-x86_64-debian-clang 1.0-6 2.52 24.93 27.45 OK
r-devel-linux-x86_64-debian-gcc 1.0-6 1.76 20.47 22.23 OK
r-devel-linux-x86_64-fedora-clang 1.0-6 39.49 OK
r-devel-linux-x86_64-fedora-gcc 1.0-6 30.84 OK
r-devel-windows-ix86+x86_64 1.0-6 5.00 45.00 50.00 OK
r-patched-linux-x86_64 1.0-6 2.38 24.45 26.83 OK
r-patched-solaris-x86 1.0-6 51.40 NOTE
r-release-linux-x86_64 1.0-6 2.47 23.70 26.17 OK
r-release-macos-x86_64 1.0-6 OK
r-release-windows-ix86+x86_64 1.0-6 5.00 48.00 53.00 OK
r-oldrel-macos-x86_64 1.0-6 OK
r-oldrel-windows-ix86+x86_64 1.0-6 4.00 43.00 47.00 OK

Check Details

Version: 1.0-6
Check: installed package size
Result: NOTE
     installed size is 5.4Mb
     sub-directories of 1Mb or more:
     java 5.2Mb
Flavor: r-patched-solaris-x86