Last updated on 2020-12-04 00:48:18 CET.
Flavor | Version | Tinstall | Tcheck | Ttotal | Status | Flags |
---|---|---|---|---|---|---|
r-devel-linux-x86_64-debian-clang | 0.6.5 | 10.43 | 81.54 | 91.97 | NOTE | |
r-devel-linux-x86_64-debian-gcc | 0.6.5 | 8.36 | 63.64 | 72.00 | NOTE | |
r-devel-linux-x86_64-fedora-clang | 0.6.5 | 119.58 | NOTE | |||
r-devel-linux-x86_64-fedora-gcc | 0.6.5 | 112.28 | NOTE | |||
r-devel-windows-ix86+x86_64 | 0.6.5 | 22.00 | 107.00 | 129.00 | OK | |
r-patched-linux-x86_64 | 0.6.5 | 10.70 | 79.59 | 90.29 | NOTE | |
r-patched-solaris-x86 | 0.6.5 | 158.80 | NOTE | |||
r-release-linux-x86_64 | 0.6.5 | 10.61 | 79.51 | 90.12 | NOTE | |
r-release-macos-x86_64 | 0.6.5 | OK | ||||
r-release-windows-ix86+x86_64 | 0.6.5 | 18.00 | 111.00 | 129.00 | OK | |
r-oldrel-macos-x86_64 | 0.6.5 | OK | ||||
r-oldrel-windows-ix86+x86_64 | 0.6.5 | 14.00 | 103.00 | 117.00 | OK |
Version: 0.6.5
Check: for non-standard things in the check directory
Result: NOTE
Found the following files/directories:
'foo.R' 'foo.html'
Flavors: r-devel-linux-x86_64-debian-clang, r-devel-linux-x86_64-debian-gcc, r-devel-linux-x86_64-fedora-clang, r-devel-linux-x86_64-fedora-gcc, r-patched-linux-x86_64, r-patched-solaris-x86, r-release-linux-x86_64