CRAN Package Check Results for Package ClusterR

Last updated on 2020-12-04 00:48:18 CET.

Flavor Version Tinstall Tcheck Ttotal Status Flags
r-devel-linux-x86_64-debian-clang 1.2.2 66.72 193.17 259.89 OK
r-devel-linux-x86_64-debian-gcc 1.2.2 55.83 173.50 229.33 OK
r-devel-linux-x86_64-fedora-clang 1.2.2 353.51 NOTE
r-devel-linux-x86_64-fedora-gcc 1.2.2 375.64 OK
r-devel-windows-ix86+x86_64 1.2.2 151.00 274.00 425.00 OK
r-patched-linux-x86_64 1.2.2 63.14 219.42 282.56 OK
r-patched-solaris-x86 1.2.2 463.50 WARN
r-release-linux-x86_64 1.2.2 57.86 220.37 278.23 OK
r-release-macos-x86_64 1.2.2 NOTE
r-release-windows-ix86+x86_64 1.2.2 110.00 199.00 309.00 OK
r-oldrel-macos-x86_64 1.2.2 NOTE
r-oldrel-windows-ix86+x86_64 1.2.2 134.00 295.00 429.00 OK

Check Details

Version: 1.2.2
Check: installed package size
Result: NOTE
     installed size is 8.7Mb
     sub-directories of 1Mb or more:
     libs 7.5Mb
Flavors: r-devel-linux-x86_64-fedora-clang, r-release-macos-x86_64, r-oldrel-macos-x86_64

Version: 1.2.2
Check: re-building of vignette outputs
Result: WARN
    Error(s) in re-building vignettes:
     ...
    --- re-building ‘the_clusterR_package.Rmd’ using rmarkdown
    Warning in engine$weave(file, quiet = quiet, encoding = enc) :
     Pandoc (>= 1.12.3) and/or pandoc-citeproc not available. Falling back to R Markdown v1.
    Quitting from lines 403-416 (the_clusterR_package.Rmd)
    Error: processing vignette 'the_clusterR_package.Rmd' failed with diagnostics:
    std::bad_alloc
    --- failed re-building ‘the_clusterR_package.Rmd’
    
    SUMMARY: processing the following file failed:
     ‘the_clusterR_package.Rmd’
    
    Error: Vignette re-building failed.
    Execution halted
Flavor: r-patched-solaris-x86