CRAN Package Check Results for Package CircSpaceTime

Last updated on 2020-12-04 00:48:18 CET.

Flavor Version Tinstall Tcheck Ttotal Status Flags
r-devel-linux-x86_64-debian-clang 0.9.0 167.10 46.23 213.33 OK
r-devel-linux-x86_64-debian-gcc 0.9.0 110.29 36.14 146.43 OK
r-devel-linux-x86_64-fedora-clang 0.9.0 309.14 NOTE
r-devel-linux-x86_64-fedora-gcc 0.9.0 267.12 NOTE
r-devel-windows-ix86+x86_64 0.9.0 386.00 122.00 508.00 NOTE
r-patched-linux-x86_64 0.9.0 126.84 43.76 170.60 OK
r-patched-solaris-x86 0.9.0 242.80 NOTE
r-release-linux-x86_64 0.9.0 124.25 44.75 169.00 OK
r-release-macos-x86_64 0.9.0 NOTE
r-release-windows-ix86+x86_64 0.9.0 314.00 97.00 411.00 NOTE
r-oldrel-macos-x86_64 0.9.0 NOTE
r-oldrel-windows-ix86+x86_64 0.9.0 305.00 113.00 418.00 OK

Check Details

Version: 0.9.0
Check: installed package size
Result: NOTE
     installed size is 8.1Mb
     sub-directories of 1Mb or more:
     data 1.8Mb
     libs 5.8Mb
Flavors: r-devel-linux-x86_64-fedora-clang, r-devel-windows-ix86+x86_64, r-release-macos-x86_64, r-release-windows-ix86+x86_64, r-oldrel-macos-x86_64

Version: 0.9.0
Check: dependencies in R code
Result: NOTE
    Namespaces in Imports field not imported from:
     ‘RInside’ ‘circular’
     All declared Imports should be used.
Flavors: r-devel-linux-x86_64-fedora-clang, r-devel-linux-x86_64-fedora-gcc, r-patched-solaris-x86, r-release-macos-x86_64, r-oldrel-macos-x86_64