CRAN Package Check Results for Package ChoR

Last updated on 2020-12-04 00:48:18 CET.

Flavor Version Tinstall Tcheck Ttotal Status Flags
r-devel-linux-x86_64-debian-clang 0.0-4 3.91 38.59 42.50 OK
r-devel-linux-x86_64-debian-gcc 0.0-4 2.95 31.52 34.47 OK
r-devel-linux-x86_64-fedora-clang 0.0-4 61.93 OK
r-devel-linux-x86_64-fedora-gcc 0.0-4 53.05 OK
r-devel-windows-ix86+x86_64 0.0-4 9.00 55.00 64.00 OK
r-patched-linux-x86_64 0.0-4 3.26 37.94 41.20 OK
r-release-linux-x86_64 0.0-4 3.67 38.17 41.84 OK
r-release-macos-x86_64 0.0-4 OK
r-release-windows-ix86+x86_64 0.0-4 8.00 52.00 60.00 OK
r-oldrel-macos-x86_64 0.0-4 NOTE
r-oldrel-windows-ix86+x86_64 0.0-4 4.00 6.00 10.00 ERROR

Check Details

Version: 0.0-4
Check: package dependencies
Result: NOTE
    Packages suggested but not available for checking: 'graph', 'Rgraphviz'
Flavor: r-oldrel-macos-x86_64

Version: 0.0-4
Check: whether package can be installed
Result: ERROR
    Installation failed.
Flavor: r-oldrel-windows-ix86+x86_64