CRAN Package Check Results for Package CautiousLearning

Last updated on 2020-12-04 00:48:18 CET.

Flavor Version Tinstall Tcheck Ttotal Status Flags
r-devel-linux-x86_64-debian-clang 1.0.1 22.82 30.90 53.72 OK
r-devel-linux-x86_64-debian-gcc 1.0.1 13.81 23.91 37.72 OK
r-devel-linux-x86_64-fedora-clang 1.0.1 75.41 NOTE
r-devel-linux-x86_64-fedora-gcc 1.0.1 60.61 OK
r-devel-windows-ix86+x86_64 1.0.1 56.00 69.00 125.00 OK
r-patched-linux-x86_64 1.0.1 16.16 28.99 45.15 OK
r-patched-solaris-x86 1.0.1 82.60 OK
r-release-linux-x86_64 1.0.1 19.09 28.92 48.01 OK
r-release-macos-x86_64 1.0.1 OK
r-release-windows-ix86+x86_64 1.0.1 46.00 69.00 115.00 OK
r-oldrel-macos-x86_64 1.0.1 OK
r-oldrel-windows-ix86+x86_64 1.0.1 40.00 69.00 109.00 OK

Check Details

Version: 1.0.1
Check: Rd cross-references
Result: NOTE
    Undeclared package ‘sitmo’ in Rd xrefs
Flavor: r-devel-linux-x86_64-fedora-clang