Last updated on 2020-12-04 00:48:18 CET.
Flavor | Version | Tinstall | Tcheck | Ttotal | Status | Flags |
---|---|---|---|---|---|---|
r-devel-linux-x86_64-debian-clang | 2.0.2 | 109.59 | 76.19 | 185.78 | OK | |
r-devel-linux-x86_64-debian-gcc | 2.0.2 | 83.89 | 56.15 | 140.04 | OK | |
r-devel-linux-x86_64-fedora-clang | 2.0.2 | 266.96 | NOTE | |||
r-devel-linux-x86_64-fedora-gcc | 2.0.2 | 247.21 | OK | |||
r-devel-windows-ix86+x86_64 | 2.0.2 | 249.00 | 135.00 | 384.00 | OK | |
r-patched-linux-x86_64 | 2.0.2 | 95.13 | 71.05 | 166.18 | OK | |
r-patched-solaris-x86 | 2.0.2 | 225.90 | OK | |||
r-release-linux-x86_64 | 2.0.2 | 92.01 | 72.73 | 164.74 | OK | |
r-release-macos-x86_64 | 2.0.2 | NOTE | ||||
r-release-windows-ix86+x86_64 | 2.0.2 | 195.00 | 107.00 | 302.00 | OK | |
r-oldrel-macos-x86_64 | 2.0.2 | NOTE | ||||
r-oldrel-windows-ix86+x86_64 | 2.0.2 | 219.00 | 133.00 | 352.00 | OK |
Version: 2.0.2
Check: installed package size
Result: NOTE
installed size is 11.9Mb
sub-directories of 1Mb or more:
libs 11.6Mb
Flavors: r-devel-linux-x86_64-fedora-clang, r-release-macos-x86_64, r-oldrel-macos-x86_64