Last updated on 2020-12-04 00:48:19 CET.
Flavor | Version | Tinstall | Tcheck | Ttotal | Status | Flags |
---|---|---|---|---|---|---|
r-devel-linux-x86_64-debian-clang | 1.0.2 | 5.31 | 32.98 | 38.29 | OK | |
r-devel-linux-x86_64-debian-gcc | 1.0.2 | 4.70 | 27.37 | 32.07 | OK | |
r-devel-linux-x86_64-fedora-clang | 1.0.2 | 54.04 | OK | |||
r-devel-linux-x86_64-fedora-gcc | 1.0.2 | 44.54 | OK | |||
r-devel-windows-ix86+x86_64 | 1.0.2 | 9.00 | 48.00 | 57.00 | OK | |
r-patched-linux-x86_64 | 1.0.2 | 6.46 | 31.36 | 37.82 | OK | |
r-patched-solaris-x86 | 1.0.2 | 62.40 | OK | |||
r-release-linux-x86_64 | 1.0.2 | 5.49 | 31.25 | 36.74 | OK | |
r-release-macos-x86_64 | 1.0.2 | OK | ||||
r-release-windows-ix86+x86_64 | 1.0.2 | 9.00 | 51.00 | 60.00 | OK | |
r-oldrel-macos-x86_64 | 1.0.2 | NOTE | ||||
r-oldrel-windows-ix86+x86_64 | 1.0.2 | 14.00 | 61.00 | 75.00 | OK |
Version: 1.0.2
Check: package dependencies
Result: NOTE
Package which this enhances but not available for checking: ‘RGtk2’
Flavor: r-oldrel-macos-x86_64