CRAN Package Check Results for Package CUFF

Last updated on 2020-12-04 00:48:19 CET.

Flavor Version Tinstall Tcheck Ttotal Status Flags
r-devel-linux-x86_64-debian-clang 1.7 18.22 138.55 156.77 OK
r-devel-linux-x86_64-debian-gcc 1.7 14.85 106.04 120.89 OK
r-devel-linux-x86_64-fedora-clang 1.7 191.71 OK
r-devel-linux-x86_64-fedora-gcc 1.7 185.33 OK
r-devel-windows-ix86+x86_64 1.7 33.00 134.00 167.00 OK
r-patched-linux-x86_64 1.7 16.32 128.05 144.37 OK
r-patched-solaris-x86 1.7 224.00 OK
r-release-linux-x86_64 1.7 17.96 129.28 147.24 OK
r-release-macos-x86_64 1.7 OK
r-release-windows-ix86+x86_64 1.7 26.00 108.00 134.00 OK
r-oldrel-macos-x86_64 1.7 OK
r-oldrel-windows-ix86+x86_64 1.7 15.00 7.00 22.00 ERROR

Check Details

Version: 1.7
Check: whether package can be installed
Result: ERROR
    Installation failed.
Flavor: r-oldrel-windows-ix86+x86_64