Last updated on 2020-12-04 00:48:19 CET.
Flavor | Version | Tinstall | Tcheck | Ttotal | Status | Flags |
---|---|---|---|---|---|---|
r-devel-linux-x86_64-debian-clang | 2.3.3 | 2.98 | 26.13 | 29.11 | NOTE | |
r-devel-linux-x86_64-debian-gcc | 2.3.3 | 2.17 | 20.41 | 22.58 | NOTE | |
r-devel-linux-x86_64-fedora-clang | 2.3.3 | 42.05 | NOTE | |||
r-devel-linux-x86_64-fedora-gcc | 2.3.3 | 32.80 | NOTE | |||
r-devel-windows-ix86+x86_64 | 2.3.3 | 6.00 | 36.00 | 42.00 | OK | |
r-patched-linux-x86_64 | 2.3.3 | 2.91 | 25.06 | 27.97 | NOTE | |
r-patched-solaris-x86 | 2.3.3 | 49.40 | NOTE | |||
r-release-linux-x86_64 | 2.3.3 | 2.59 | 24.91 | 27.50 | NOTE | |
r-release-macos-x86_64 | 2.3.3 | OK | ||||
r-release-windows-ix86+x86_64 | 2.3.3 | 5.00 | 38.00 | 43.00 | OK | |
r-oldrel-macos-x86_64 | 2.3.3 | OK | ||||
r-oldrel-windows-ix86+x86_64 | 2.3.3 | 7.00 | 46.00 | 53.00 | OK |
Version: 2.3.3
Check: for non-standard things in the check directory
Result: NOTE
Found the following files/directories:
'Hello.csv'
Flavors: r-devel-linux-x86_64-debian-clang, r-devel-linux-x86_64-debian-gcc, r-devel-linux-x86_64-fedora-clang, r-devel-linux-x86_64-fedora-gcc, r-patched-linux-x86_64, r-patched-solaris-x86, r-release-linux-x86_64