CRAN Package Check Results for Package CTShiny2

Last updated on 2020-12-04 00:48:19 CET.

Flavor Version Tinstall Tcheck Ttotal Status Flags
r-devel-linux-x86_64-debian-clang 0.1.0 2.53 19.86 22.39 OK
r-devel-linux-x86_64-debian-gcc 0.1.0 2.87 16.25 19.12 OK
r-devel-linux-x86_64-fedora-clang 0.1.0 33.81 NOTE
r-devel-linux-x86_64-fedora-gcc 0.1.0 24.05 NOTE
r-devel-windows-ix86+x86_64 0.1.0 6.00 33.00 39.00 OK
r-patched-linux-x86_64 0.1.0 3.30 19.25 22.55 OK
r-patched-solaris-x86 0.1.0 37.70 NOTE
r-release-linux-x86_64 0.1.0 3.36 18.79 22.15 OK
r-release-macos-x86_64 0.1.0 NOTE
r-release-windows-ix86+x86_64 0.1.0 6.00 30.00 36.00 OK
r-oldrel-macos-x86_64 0.1.0 ERROR

Check Details

Version: 0.1.0
Check: dependencies in R code
Result: NOTE
    Namespaces in Imports field not imported from:
     ‘caret’ ‘datasets’ ‘dplyr’ ‘e1071’ ‘party’ ‘rhandsontable’ ‘rpart’
     ‘rpart.plot’ ‘shiny’
     All declared Imports should be used.
Flavors: r-devel-linux-x86_64-fedora-clang, r-devel-linux-x86_64-fedora-gcc, r-patched-solaris-x86, r-release-macos-x86_64

Version: 0.1.0
Check: whether package can be installed
Result: ERROR
    Installation failed.
Flavor: r-oldrel-macos-x86_64