Last updated on 2020-12-04 00:48:19 CET.
Flavor | Version | Tinstall | Tcheck | Ttotal | Status | Flags |
---|---|---|---|---|---|---|
r-devel-linux-x86_64-debian-clang | 0.1.0 | 3.25 | 19.72 | 22.97 | OK | |
r-devel-linux-x86_64-debian-gcc | 0.1.0 | 2.23 | 16.46 | 18.69 | OK | |
r-devel-linux-x86_64-fedora-clang | 0.1.0 | 34.38 | NOTE | |||
r-devel-linux-x86_64-fedora-gcc | 0.1.0 | 24.27 | NOTE | |||
r-devel-windows-ix86+x86_64 | 0.1.0 | 6.00 | 33.00 | 39.00 | OK | |
r-patched-linux-x86_64 | 0.1.0 | 3.46 | 18.75 | 22.21 | OK | |
r-patched-solaris-x86 | 0.1.0 | 38.90 | NOTE | |||
r-release-linux-x86_64 | 0.1.0 | 3.09 | 19.55 | 22.64 | OK | |
r-release-macos-x86_64 | 0.1.0 | NOTE | ||||
r-release-windows-ix86+x86_64 | 0.1.0 | 5.00 | 30.00 | 35.00 | OK | |
r-oldrel-macos-x86_64 | 0.1.0 | NOTE | ||||
r-oldrel-windows-ix86+x86_64 | 0.1.0 | 4.00 | 31.00 | 35.00 | OK |
Version: 0.1.0
Check: dependencies in R code
Result: NOTE
Namespaces in Imports field not imported from:
‘caret’ ‘datasets’ ‘dplyr’ ‘e1071’ ‘party’ ‘rhandsontable’ ‘rpart’
‘rpart.plot’ ‘shiny’
All declared Imports should be used.
Flavors: r-devel-linux-x86_64-fedora-clang, r-devel-linux-x86_64-fedora-gcc, r-patched-solaris-x86, r-release-macos-x86_64, r-oldrel-macos-x86_64