Last updated on 2020-12-04 00:48:19 CET.
Flavor | Version | Tinstall | Tcheck | Ttotal | Status | Flags |
---|---|---|---|---|---|---|
r-devel-linux-x86_64-debian-clang | 0.99.8 | 6.15 | 293.64 | 299.79 | OK | |
r-devel-linux-x86_64-debian-gcc | 0.99.8 | 5.70 | 189.93 | 195.63 | OK | |
r-devel-linux-x86_64-fedora-clang | 0.99.8 | 363.44 | OK | |||
r-devel-linux-x86_64-fedora-gcc | 0.99.8 | 303.56 | OK | |||
r-devel-windows-ix86+x86_64 | 0.99.8 | 11.00 | 333.00 | 344.00 | OK | |
r-patched-linux-x86_64 | 0.99.8 | 6.64 | 266.05 | 272.69 | OK | |
r-patched-solaris-x86 | 0.99.8 | 395.90 | OK | |||
r-release-linux-x86_64 | 0.99.8 | 6.71 | 230.44 | 237.15 | OK | |
r-release-macos-x86_64 | 0.99.8 | OK | ||||
r-release-windows-ix86+x86_64 | 0.99.8 | 10.00 | 191.00 | 201.00 | OK | |
r-oldrel-macos-x86_64 | 0.99.8 | ERROR |
Version: 0.99.8
Check: whether package can be installed
Result: ERROR
Installation failed.
Flavor: r-oldrel-macos-x86_64