CRAN Package Check Results for Package CINNA

Last updated on 2020-12-04 00:48:18 CET.

Flavor Version Tinstall Tcheck Ttotal Status Flags
r-devel-linux-x86_64-debian-clang 1.1.53 18.45 142.60 161.05 OK
r-devel-linux-x86_64-debian-gcc 1.1.53 11.81 108.03 119.84 OK
r-devel-linux-x86_64-fedora-clang 1.1.53 196.56 NOTE
r-devel-linux-x86_64-fedora-gcc 1.1.53 188.65 NOTE
r-devel-windows-ix86+x86_64 1.1.53 31.00 168.00 199.00 OK
r-patched-linux-x86_64 1.1.53 10.76 132.53 143.29 OK
r-patched-solaris-x86 1.1.53 252.20 NOTE
r-release-linux-x86_64 1.1.53 10.66 135.21 145.87 OK
r-release-macos-x86_64 1.1.53 NOTE
r-release-windows-ix86+x86_64 1.1.53 31.00 133.00 164.00 OK
r-oldrel-macos-x86_64 1.1.53 NOTE
r-oldrel-windows-ix86+x86_64 1.1.53 29.00 160.00 189.00 OK

Check Details

Version: 1.1.53
Check: dependencies in R code
Result: NOTE
    Namespace in Imports field not imported from: ‘circlize’
     All declared Imports should be used.
Flavors: r-devel-linux-x86_64-fedora-clang, r-devel-linux-x86_64-fedora-gcc, r-patched-solaris-x86, r-release-macos-x86_64, r-oldrel-macos-x86_64