CRAN Package Check Results for Package CIAAWconsensus

Last updated on 2020-12-04 00:48:18 CET.

Flavor Version Tinstall Tcheck Ttotal Status Flags
r-devel-linux-x86_64-debian-clang 1.3 2.60 33.09 35.69 OK
r-devel-linux-x86_64-debian-gcc 1.3 2.29 26.11 28.40 OK
r-devel-linux-x86_64-fedora-clang 1.3 50.94 NOTE
r-devel-linux-x86_64-fedora-gcc 1.3 41.57 NOTE
r-devel-windows-ix86+x86_64 1.3 5.00 51.00 56.00 OK
r-patched-linux-x86_64 1.3 2.85 32.94 35.79 OK
r-patched-solaris-x86 1.3 64.20 NOTE
r-release-linux-x86_64 1.3 2.96 33.03 35.99 OK
r-release-macos-x86_64 1.3 NOTE
r-release-windows-ix86+x86_64 1.3 5.00 49.00 54.00 OK
r-oldrel-macos-x86_64 1.3 NOTE
r-oldrel-windows-ix86+x86_64 1.3 4.00 49.00 53.00 OK

Check Details

Version: 1.3
Check: dependencies in R code
Result: NOTE
    Namespaces in Imports field not imported from:
     ‘Matrix’ ‘stringr’
     All declared Imports should be used.
Flavors: r-devel-linux-x86_64-fedora-clang, r-devel-linux-x86_64-fedora-gcc, r-patched-solaris-x86, r-release-macos-x86_64, r-oldrel-macos-x86_64