CRAN Package Check Results for Package CFAcoop

Last updated on 2020-12-04 00:48:18 CET.

Flavor Version Tinstall Tcheck Ttotal Status Flags
r-devel-linux-x86_64-debian-clang 0.1.0 12.84 99.25 112.09 OK
r-devel-linux-x86_64-debian-gcc 0.1.0 8.46 75.40 83.86 OK
r-devel-linux-x86_64-fedora-clang 0.1.0 135.46 OK
r-devel-linux-x86_64-fedora-gcc 0.1.0 130.70 OK
r-devel-windows-ix86+x86_64 0.1.0 24.00 120.00 144.00 OK
r-patched-linux-x86_64 0.1.0 7.19 92.52 99.71 OK
r-patched-solaris-x86 0.1.0 184.20 OK
r-release-linux-x86_64 0.1.0 6.96 91.92 98.88 OK
r-release-macos-x86_64 0.1.0 OK
r-release-windows-ix86+x86_64 0.1.0 21.00 5.00 26.00 ERROR
r-oldrel-macos-x86_64 0.1.0 OK
r-oldrel-windows-ix86+x86_64 0.1.0 18.00 97.00 115.00 OK

Check Details

Version: 0.1.0
Check: whether package can be installed
Result: ERROR
    Installation failed.
Flavor: r-release-windows-ix86+x86_64