CRAN Package Check Results for Package CCTpack

Last updated on 2020-12-04 00:48:18 CET.

Flavor Version Tinstall Tcheck Ttotal Status Flags
r-devel-linux-x86_64-debian-clang 1.5.2 18.21 75.28 93.49 NOTE
r-devel-linux-x86_64-debian-gcc 1.5.2 12.15 57.39 69.54 NOTE
r-devel-linux-x86_64-fedora-clang 1.5.2 120.04 NOTE
r-devel-linux-x86_64-fedora-gcc 1.5.2 111.89 NOTE
r-devel-windows-ix86+x86_64 1.5.2 22.00 81.00 103.00 OK
r-patched-linux-x86_64 1.5.2 17.29 69.81 87.10 NOTE
r-patched-solaris-x86 1.5.2 145.70 NOTE
r-release-linux-x86_64 1.5.2 17.87 70.38 88.25 NOTE
r-release-macos-x86_64 1.5.2 OK
r-release-windows-ix86+x86_64 1.5.2 16.00 79.00 95.00 OK
r-oldrel-macos-x86_64 1.5.2 OK
r-oldrel-windows-ix86+x86_64 1.5.2 16.00 77.00 93.00 OK

Check Details

Version: 1.5.2
Check: for non-standard things in the check directory
Result: NOTE
    Found the following files/directories:
     'hotcold.csv'
Flavors: r-devel-linux-x86_64-debian-clang, r-devel-linux-x86_64-debian-gcc, r-devel-linux-x86_64-fedora-clang, r-devel-linux-x86_64-fedora-gcc, r-patched-linux-x86_64, r-patched-solaris-x86, r-release-linux-x86_64