Last updated on 2020-12-04 00:48:18 CET.
Flavor | Version | Tinstall | Tcheck | Ttotal | Status | Flags |
---|---|---|---|---|---|---|
r-devel-linux-x86_64-debian-clang | 1.0.3 | 4.27 | 48.42 | 52.69 | OK | |
r-devel-linux-x86_64-debian-gcc | 1.0.3 | 3.60 | 38.38 | 41.98 | OK | |
r-devel-linux-x86_64-fedora-clang | 1.0.3 | 73.13 | OK | |||
r-devel-linux-x86_64-fedora-gcc | 1.0.3 | 63.28 | OK | |||
r-devel-windows-ix86+x86_64 | 1.0.3 | 9.00 | 64.00 | 73.00 | OK | |
r-patched-linux-x86_64 | 1.0.3 | 4.13 | 47.24 | 51.37 | OK | |
r-patched-solaris-x86 | 1.0.3 | 83.40 | OK | |||
r-release-linux-x86_64 | 1.0.3 | 3.80 | 47.82 | 51.62 | OK | |
r-release-macos-x86_64 | 1.0.3 | OK | ||||
r-release-windows-ix86+x86_64 | 1.0.3 | 7.00 | 66.00 | 73.00 | OK | |
r-oldrel-macos-x86_64 | 1.0.3 | OK | ||||
r-oldrel-windows-ix86+x86_64 | 1.0.3 | 3.00 | 7.00 | 10.00 | ERROR |
Version: 1.0.3
Check: whether package can be installed
Result: ERROR
Installation failed.
Flavor: r-oldrel-windows-ix86+x86_64