Last updated on 2020-12-04 00:48:18 CET.
Flavor | Version | Tinstall | Tcheck | Ttotal | Status | Flags |
---|---|---|---|---|---|---|
r-devel-linux-x86_64-debian-clang | 2.0.1 | 47.17 | 32.66 | 79.83 | OK | |
r-devel-linux-x86_64-debian-gcc | 2.0.1 | 35.07 | 26.86 | 61.93 | OK | |
r-devel-linux-x86_64-fedora-clang | 2.0.1 | 116.45 | OK | |||
r-devel-linux-x86_64-fedora-gcc | 2.0.1 | 103.92 | OK | |||
r-devel-windows-ix86+x86_64 | 2.0.1 | 110.00 | 72.00 | 182.00 | OK | |
r-patched-linux-x86_64 | 2.0.1 | 42.74 | 30.74 | 73.48 | OK | |
r-patched-solaris-x86 | 2.0.1 | 104.40 | OK | |||
r-release-linux-x86_64 | 2.0.1 | 42.16 | 31.06 | 73.22 | OK | |
r-release-macos-x86_64 | 2.0.1 | NOTE | ||||
r-release-windows-ix86+x86_64 | 2.0.1 | 85.00 | 68.00 | 153.00 | OK | |
r-oldrel-macos-x86_64 | 2.0.1 | NOTE | ||||
r-oldrel-windows-ix86+x86_64 | 2.0.1 | 80.00 | 67.00 | 147.00 | OK |
Version: 2.0.1
Check: installed package size
Result: NOTE
installed size is 5.2Mb
sub-directories of 1Mb or more:
libs 5.0Mb
Flavors: r-release-macos-x86_64, r-oldrel-macos-x86_64