CRAN Package Check Results for Package BoomSpikeSlab

Last updated on 2020-12-04 00:48:18 CET.

Flavor Version Tinstall Tcheck Ttotal Status Flags
r-devel-linux-x86_64-debian-clang 1.2.3 51.75 111.24 162.99 OK
r-devel-linux-x86_64-debian-gcc 1.2.3 35.10 82.90 118.00 OK
r-devel-linux-x86_64-fedora-clang 1.2.3 214.47 NOTE
r-devel-linux-x86_64-fedora-gcc 1.2.3 193.27 OK
r-devel-windows-ix86+x86_64 1.2.3 108.00 294.00 402.00 NOTE
r-patched-linux-x86_64 1.2.3 47.21 104.28 151.49 OK
r-release-linux-x86_64 1.2.3 42.29 105.53 147.82 OK
r-release-macos-x86_64 1.2.3 NOTE
r-release-windows-ix86+x86_64 1.2.3 81.00 246.00 327.00 NOTE
r-oldrel-macos-x86_64 1.2.3 NOTE
r-oldrel-windows-ix86+x86_64 1.2.3 97.00 292.00 389.00 NOTE

Check Details

Version: 1.2.3
Check: installed package size
Result: NOTE
     installed size is 79.3Mb
     sub-directories of 1Mb or more:
     libs 78.7Mb
Flavors: r-devel-linux-x86_64-fedora-clang, r-devel-windows-ix86+x86_64, r-release-macos-x86_64, r-release-windows-ix86+x86_64, r-oldrel-macos-x86_64, r-oldrel-windows-ix86+x86_64