CRAN Package Check Results for Package BiodiversityR

Last updated on 2020-12-04 00:48:17 CET.

Flavor Version Tinstall Tcheck Ttotal Status Flags
r-devel-linux-x86_64-debian-clang 2.12-2 67.87 282.92 350.79 OK
r-devel-linux-x86_64-debian-gcc 2.12-2 51.84 210.21 262.05 OK
r-devel-linux-x86_64-fedora-clang 2.12-2 488.30 NOTE
r-devel-linux-x86_64-fedora-gcc 2.12-2 435.59 OK
r-devel-windows-ix86+x86_64 2.12-2 84.00 283.00 367.00 OK
r-patched-linux-x86_64 2.12-2 46.18 259.05 305.23 OK
r-patched-solaris-x86 2.12-2 559.90 OK
r-release-linux-x86_64 2.12-2 44.18 261.27 305.45 OK
r-release-macos-x86_64 2.12-2 OK
r-release-windows-ix86+x86_64 2.12-2 68.00 189.00 257.00 OK
r-oldrel-macos-x86_64 2.12-2 WARN
r-oldrel-windows-ix86+x86_64 2.12-2 82.00 261.00 343.00 OK

Check Details

Version: 2.12-2
Check: Rd cross-references
Result: NOTE
    Undeclared package ‘ggplot2’ in Rd xrefs
Flavor: r-devel-linux-x86_64-fedora-clang

Version: 2.12-2
Check: whether package can be installed
Result: WARN
    Found the following significant warnings:
     Warning: 'rgl.init' failed, running with 'rgl.useNULL = TRUE'.
Flavor: r-oldrel-macos-x86_64

Version: 2.12-2
Check: dependencies in R code
Result: NOTE
    No protocol specified
    No protocol specified
Flavor: r-oldrel-macos-x86_64

Version: 2.12-2
Check: S3 generic/method consistency
Result: WARN
    No protocol specified
    No protocol specified
    See section ‘Generic functions and methods’ in the ‘Writing R
    Extensions’ manual.
Flavor: r-oldrel-macos-x86_64

Version: 2.12-2
Check: replacement functions
Result: WARN
    No protocol specified
    No protocol specified
    The argument of a replacement function which corresponds to the right
    hand side must be named ‘value’.
Flavor: r-oldrel-macos-x86_64

Version: 2.12-2
Check: foreign function calls
Result: NOTE
    No protocol specified
    No protocol specified
    See chapter ‘System and foreign language interfaces’ in the ‘Writing R
    Extensions’ manual.
Flavor: r-oldrel-macos-x86_64

Version: 2.12-2
Check: R code for possible problems
Result: NOTE
    No protocol specified
    No protocol specified
Flavor: r-oldrel-macos-x86_64

Version: 2.12-2
Check: for missing documentation entries
Result: WARN
    No protocol specified
    No protocol specified
    All user-level objects in a package should have documentation entries.
    See chapter ‘Writing R documentation files’ in the ‘Writing R
    Extensions’ manual.
Flavor: r-oldrel-macos-x86_64

Version: 2.12-2
Check: for code/documentation mismatches
Result: WARN
    No protocol specified
    No protocol specified
    No protocol specified
    No protocol specified
    No protocol specified
    No protocol specified
Flavor: r-oldrel-macos-x86_64

Version: 2.12-2
Check: Rd \usage sections
Result: NOTE
    No protocol specified
    No protocol specified
    The \usage entries for S3 methods should use the \method markup and not
    their full name.
    See chapter ‘Writing R documentation files’ in the ‘Writing R
    Extensions’ manual.
Flavor: r-oldrel-macos-x86_64