CRAN Package Check Results for Package Biocomb

Last updated on 2020-12-04 00:48:17 CET.

Flavor Version Tinstall Tcheck Ttotal Status Flags
r-devel-linux-x86_64-debian-clang 0.4 60.18 188.38 248.56 OK
r-devel-linux-x86_64-debian-gcc 0.4 45.91 142.76 188.67 OK
r-devel-linux-x86_64-fedora-clang 0.4 359.75 OK
r-devel-linux-x86_64-fedora-gcc 0.4 311.17 OK
r-devel-windows-ix86+x86_64 0.4 132.00 297.00 429.00 OK
r-patched-linux-x86_64 0.4 53.59 179.32 232.91 OK
r-release-linux-x86_64 0.4 50.62 177.57 228.19 OK
r-release-macos-x86_64 0.4 OK
r-release-windows-ix86+x86_64 0.4 98.00 239.00 337.00 OK
r-oldrel-macos-x86_64 0.4 WARN
r-oldrel-windows-ix86+x86_64 0.4 74.00 7.00 81.00 ERROR

Check Details

Version: 0.4
Check: whether package can be installed
Result: WARN
    Found the following significant warnings:
     Warning: 'rgl_init' failed, running with rgl.useNULL = TRUE
Flavor: r-oldrel-macos-x86_64

Version: 0.4
Check: whether package can be installed
Result: ERROR
    Installation failed.
Flavor: r-oldrel-windows-ix86+x86_64