Last updated on 2020-12-04 00:48:17 CET.
Flavor | Version | Tinstall | Tcheck | Ttotal | Status | Flags |
---|---|---|---|---|---|---|
r-devel-linux-x86_64-debian-clang | 0.1-6 | 53.39 | 640.78 | 694.17 | OK | |
r-devel-linux-x86_64-debian-gcc | 0.1-6 | 40.03 | 482.54 | 522.57 | OK | |
r-devel-linux-x86_64-fedora-clang | 0.1-6 | 893.18 | OK | |||
r-devel-linux-x86_64-fedora-gcc | 0.1-6 | 830.19 | OK | |||
r-devel-windows-ix86+x86_64 | 0.1-6 | 22.00 | 6.00 | 28.00 | ERROR | |
r-patched-linux-x86_64 | 0.1-6 | 46.49 | 608.83 | 655.32 | OK | |
r-patched-solaris-x86 | 0.1-6 | 1085.40 | OK | |||
r-release-linux-x86_64 | 0.1-6 | 48.13 | 606.99 | 655.12 | OK | |
r-release-macos-x86_64 | 0.1-6 | ERROR | ||||
r-release-windows-ix86+x86_64 | 0.1-6 | 90.00 | 764.00 | 854.00 | OK | |
r-oldrel-macos-x86_64 | 0.1-6 | ERROR | ||||
r-oldrel-windows-ix86+x86_64 | 0.1-6 | 81.00 | 785.00 | 866.00 | OK |
Version: 0.1-6
Check: whether package can be installed
Result: ERROR
Installation failed.
Flavor: r-devel-windows-ix86+x86_64
Version: 0.1-6
Check: package dependencies
Result: ERROR
Package required but not available: ‘csaw’
See section ‘The DESCRIPTION file’ in the ‘Writing R Extensions’
manual.
Flavors: r-release-macos-x86_64, r-oldrel-macos-x86_64