CRAN Package Check Results for Package BiasedUrn

Last updated on 2020-12-04 00:48:17 CET.

Flavor Version Tinstall Tcheck Ttotal Status Flags
r-devel-linux-x86_64-debian-clang 1.07 8.90 24.82 33.72 OK
r-devel-linux-x86_64-debian-gcc 1.07 6.42 20.41 26.83 OK
r-devel-linux-x86_64-fedora-clang 1.07 50.41 NOTE
r-devel-linux-x86_64-fedora-gcc 1.07 39.45 NOTE
r-devel-windows-ix86+x86_64 1.07 25.00 44.00 69.00 OK
r-patched-linux-x86_64 1.07 7.02 25.03 32.05 OK
r-patched-solaris-x86 1.07 61.30 OK
r-release-linux-x86_64 1.07 7.42 24.44 31.86 OK
r-release-macos-x86_64 1.07 OK
r-release-windows-ix86+x86_64 1.07 18.00 47.00 65.00 OK
r-oldrel-macos-x86_64 1.07 OK
r-oldrel-windows-ix86+x86_64 1.07 21.00 55.00 76.00 OK

Check Details

Version: 1.07
Check: compiled code
Result: NOTE
    File ‘BiasedUrn/libs/BiasedUrn.so’:
     Found no calls to: ‘R_registerRoutines’, ‘R_useDynamicSymbols’
    
    It is good practice to register native routines and to disable symbol
    search.
    
    See ‘Writing portable packages’ in the ‘Writing R Extensions’ manual.
Flavors: r-devel-linux-x86_64-fedora-clang, r-devel-linux-x86_64-fedora-gcc