Last updated on 2020-12-04 00:48:17 CET.
Flavor | Version | Tinstall | Tcheck | Ttotal | Status | Flags |
---|---|---|---|---|---|---|
r-devel-linux-x86_64-debian-clang | 1.4 | 4.33 | 27.76 | 32.09 | OK | |
r-devel-linux-x86_64-debian-gcc | 1.4 | 3.38 | 23.19 | 26.57 | OK | |
r-devel-linux-x86_64-fedora-clang | 1.4 | 48.01 | NOTE | |||
r-devel-linux-x86_64-fedora-gcc | 1.4 | 37.45 | NOTE | |||
r-devel-windows-ix86+x86_64 | 1.4 | 9.00 | 43.00 | 52.00 | OK | |
r-patched-linux-x86_64 | 1.4 | 4.06 | 27.87 | 31.93 | OK | |
r-patched-solaris-x86 | 1.4 | 56.00 | NOTE | |||
r-release-linux-x86_64 | 1.4 | 3.87 | 27.49 | 31.36 | OK | |
r-release-macos-x86_64 | 1.4 | NOTE | ||||
r-release-windows-ix86+x86_64 | 1.4 | 7.00 | 34.00 | 41.00 | OK | |
r-oldrel-macos-x86_64 | 1.4 | NOTE | ||||
r-oldrel-windows-ix86+x86_64 | 1.4 | 7.00 | 44.00 | 51.00 | OK |
Version: 1.4
Check: data for non-ASCII characters
Result: NOTE
Note: found 20 marked UTF-8 strings
Flavors: r-devel-linux-x86_64-fedora-clang, r-devel-linux-x86_64-fedora-gcc, r-patched-solaris-x86, r-release-macos-x86_64, r-oldrel-macos-x86_64