CRAN Package Check Results for Package BeastJar

Last updated on 2020-12-04 00:48:17 CET.

Flavor Version Tinstall Tcheck Ttotal Status Flags
r-devel-linux-x86_64-debian-clang 1.10.6 4.17 37.76 41.93 OK
r-devel-linux-x86_64-debian-gcc 1.10.6 2.84 29.78 32.62 OK
r-devel-linux-x86_64-fedora-clang 1.10.6 61.37 NOTE
r-devel-linux-x86_64-fedora-gcc 1.10.6 50.95 OK
r-devel-windows-ix86+x86_64 1.10.6 10.00 56.00 66.00 NOTE
r-patched-linux-x86_64 1.10.6 3.31 36.57 39.88 OK
r-patched-solaris-x86 1.10.6 68.80 NOTE
r-release-linux-x86_64 1.10.6 4.04 36.97 41.01 OK
r-release-macos-x86_64 1.10.6 NOTE
r-release-windows-ix86+x86_64 1.10.6 7.00 43.00 50.00 NOTE
r-oldrel-macos-x86_64 1.10.6 NOTE
r-oldrel-windows-ix86+x86_64 1.10.6 3.00 6.00 9.00 ERROR

Check Details

Version: 1.10.6
Check: installed package size
Result: NOTE
     installed size is 7.8Mb
     sub-directories of 1Mb or more:
     java 7.7Mb
Flavors: r-devel-linux-x86_64-fedora-clang, r-devel-windows-ix86+x86_64, r-patched-solaris-x86, r-release-macos-x86_64, r-release-windows-ix86+x86_64, r-oldrel-macos-x86_64

Version: 1.10.6
Check: whether package can be installed
Result: ERROR
    Installation failed.
Flavor: r-oldrel-windows-ix86+x86_64