CRAN Package Check Results for Package BayesianNetwork

Last updated on 2020-12-04 00:48:16 CET.

Flavor Version Tinstall Tcheck Ttotal Status Flags
r-devel-linux-x86_64-debian-clang 0.1.5 8.12 64.24 72.36 OK
r-devel-linux-x86_64-debian-gcc 0.1.5 6.90 49.30 56.20 OK
r-devel-linux-x86_64-fedora-clang 0.1.5 99.76 NOTE
r-devel-linux-x86_64-fedora-gcc 0.1.5 84.59 NOTE
r-devel-windows-ix86+x86_64 0.1.5 19.00 89.00 108.00 OK
r-patched-linux-x86_64 0.1.5 6.21 60.42 66.63 OK
r-patched-solaris-x86 0.1.5 124.40 NOTE
r-release-linux-x86_64 0.1.5 5.74 59.39 65.13 OK
r-release-macos-x86_64 0.1.5 NOTE
r-release-windows-ix86+x86_64 0.1.5 14.00 69.00 83.00 OK
r-oldrel-macos-x86_64 0.1.5 NOTE
r-oldrel-windows-ix86+x86_64 0.1.5 18.00 86.00 104.00 OK

Check Details

Version: 0.1.5
Check: dependencies in R code
Result: NOTE
    Namespaces in Imports field not imported from:
     ‘shinytest’ ‘testthat’
     All declared Imports should be used.
Flavors: r-devel-linux-x86_64-fedora-clang, r-devel-linux-x86_64-fedora-gcc, r-patched-solaris-x86, r-release-macos-x86_64, r-oldrel-macos-x86_64