Last updated on 2020-12-04 00:48:16 CET.
Flavor | Version | Tinstall | Tcheck | Ttotal | Status | Flags |
---|---|---|---|---|---|---|
r-devel-linux-x86_64-debian-clang | 3.0-1 | 1007.19 | 44.14 | 1051.33 | NOTE | |
r-devel-linux-x86_64-debian-gcc | 3.0-1 | 757.43 | 33.85 | 791.28 | NOTE | |
r-devel-linux-x86_64-fedora-clang | 3.0-1 | 1631.08 | NOTE | |||
r-devel-linux-x86_64-fedora-gcc | 3.0-1 | 1420.15 | NOTE | |||
r-devel-windows-ix86+x86_64 | 3.0-1 | 1707.00 | 79.00 | 1786.00 | NOTE | |
r-patched-linux-x86_64 | 3.0-1 | 862.85 | 41.09 | 903.94 | NOTE | |
r-patched-solaris-x86 | 3.0-1 | 2925.50 | NOTE | |||
r-release-linux-x86_64 | 3.0-1 | 866.91 | 41.90 | 908.81 | NOTE | |
r-release-macos-x86_64 | 3.0-1 | NOTE | ||||
r-release-windows-ix86+x86_64 | 3.0-1 | 1489.00 | 84.00 | 1573.00 | NOTE | |
r-oldrel-macos-x86_64 | 3.0-1 | ERROR | ||||
r-oldrel-windows-ix86+x86_64 | 3.0-1 | 1674.00 | 86.00 | 1760.00 | NOTE |
Version: 3.0-1
Check: for GNU extensions in Makefiles
Result: NOTE
GNU make is a SystemRequirements.
Flavors: r-devel-linux-x86_64-debian-clang, r-devel-linux-x86_64-debian-gcc, r-devel-linux-x86_64-fedora-clang, r-devel-linux-x86_64-fedora-gcc, r-devel-windows-ix86+x86_64, r-patched-linux-x86_64, r-patched-solaris-x86, r-release-linux-x86_64, r-release-macos-x86_64, r-release-windows-ix86+x86_64, r-oldrel-windows-ix86+x86_64
Version: 3.0-1
Check: installed package size
Result: NOTE
installed size is 127.8Mb
sub-directories of 1Mb or more:
libs 127.7Mb
Flavors: r-devel-linux-x86_64-fedora-clang, r-devel-windows-ix86+x86_64, r-patched-solaris-x86, r-release-macos-x86_64, r-release-windows-ix86+x86_64, r-oldrel-windows-ix86+x86_64
Version: 3.0-1
Check: whether package can be installed
Result: ERROR
Installation failed.
Flavor: r-oldrel-macos-x86_64