CRAN Package Check Results for Package BayesProject

Last updated on 2020-12-04 00:48:16 CET.

Flavor Version Tinstall Tcheck Ttotal Status Flags
r-devel-linux-x86_64-debian-clang 1.0 36.04 30.94 66.98 OK
r-devel-linux-x86_64-debian-gcc 1.0 21.33 24.42 45.75 OK
r-devel-linux-x86_64-fedora-clang 1.0 96.75 NOTE
r-devel-linux-x86_64-fedora-gcc 1.0 76.96 OK
r-devel-windows-ix86+x86_64 1.0 72.00 74.00 146.00 OK
r-patched-linux-x86_64 1.0 26.10 31.04 57.14 OK
r-patched-solaris-x86 1.0 85.90 OK
r-release-linux-x86_64 1.0 26.91 30.39 57.30 OK
r-release-macos-x86_64 1.0 NOTE
r-release-windows-ix86+x86_64 1.0 48.00 76.00 124.00 OK
r-oldrel-macos-x86_64 1.0 NOTE
r-oldrel-windows-ix86+x86_64 1.0 49.00 70.00 119.00 OK

Check Details

Version: 1.0
Check: installed package size
Result: NOTE
     installed size is 7.3Mb
     sub-directories of 1Mb or more:
     libs 7.1Mb
Flavors: r-devel-linux-x86_64-fedora-clang, r-release-macos-x86_64, r-oldrel-macos-x86_64