CRAN Package Check Results for Package BayesPostEst

Last updated on 2020-12-04 00:48:16 CET.

Flavor Version Tinstall Tcheck Ttotal Status Flags
r-devel-linux-x86_64-debian-clang 0.2.1 9.38 277.87 287.25 OK
r-devel-linux-x86_64-debian-gcc 0.2.1 7.85 218.53 226.38 OK
r-devel-linux-x86_64-fedora-clang 0.2.1 339.98 NOTE
r-devel-linux-x86_64-fedora-gcc 0.2.1 358.86 NOTE
r-devel-windows-ix86+x86_64 0.2.1 22.00 219.00 241.00 WARN
r-patched-linux-x86_64 0.2.1 8.92 285.71 294.63 OK
r-patched-solaris-x86 0.2.1 479.90 NOTE
r-release-linux-x86_64 0.2.1 8.54 286.09 294.63 OK
r-release-macos-x86_64 0.2.1 NOTE
r-release-windows-ix86+x86_64 0.2.1 13.00 169.00 182.00 WARN
r-oldrel-macos-x86_64 0.2.1 NOTE
r-oldrel-windows-ix86+x86_64 0.2.1 20.00 210.00 230.00 WARN

Check Details

Version: 0.2.1
Check: dependencies in R code
Result: NOTE
    Namespaces in Imports field not imported from:
     ‘HDInterval’ ‘carData’ ‘runjags’
     All declared Imports should be used.
Flavors: r-devel-linux-x86_64-fedora-clang, r-devel-linux-x86_64-fedora-gcc, r-patched-solaris-x86, r-release-macos-x86_64, r-oldrel-macos-x86_64

Version: 0.2.1
Check: re-building of vignette outputs
Result: WARN
    Error(s) in re-building vignettes:
    --- re-building 'getting_started.Rmd' using rmarkdown
    Loading required package: rjags
    Loading required package: coda
    Linked to JAGS 4.3.0
    Loaded modules: basemod,bugs
    
    Attaching package: 'R2jags'
    
    The following object is masked from 'package:coda':
    
     traceplot
    
    module glm loaded
    Loading required package: MASS
    ##
    ## Markov Chain Monte Carlo Package (MCMCpack)
    ## Copyright (C) 2003-2020 Andrew D. Martin, Kevin M. Quinn, and Jong Hee Park
    ##
    ## Support provided by the U.S. National Science Foundation
    ## (Grants SES-0350646 and SES-0350613)
    ##
    Loading required package: StanHeaders
    Loading required package: ggplot2
    rstan (Version 2.21.2, GitRev: 2e1f913d3ca3)
    For execution on a local, multicore CPU with excess RAM we recommend calling
    options(mc.cores = parallel::detectCores()).
    To avoid recompilation of unchanged Stan programs, we recommend calling
    rstan_options(auto_write = TRUE)
    Do not specify '-march=native' in 'LOCAL_CPPFLAGS' or a Makevars file
    
    Attaching package: 'rstan'
    
    The following object is masked from 'package:R2jags':
    
     traceplot
    
    The following object is masked from 'package:coda':
    
     traceplot
    
    make cmd is
     make -f "D:/RCompile/recent/R/etc/x64/Makeconf" -f "D:/RCompile/recent/R/etc/x64/Makevars.site" -f "D:/RCompile/recent/R/share/make/winshlib.mk" CXX='$(CXX14) $(CXX14STD)' CXXFLAGS='$(CXX14FLAGS)' CXXPICFLAGS='$(CXX14PICFLAGS)' SHLIB_LDFLAGS='$(SHLIB_CXX14LDFLAGS)' SHLIB_LD='$(SHLIB_CXX14LD)' SHLIB="file2721cb6544.dll" WIN=64 TCLBIN=64 OBJECTS="file2721cb6544.o"
    
    make would use
    make[1]: Entering directory '/d/temp/RtmpKUb034'
    if test "zfile2721cb6544.o" != "z"; then \
     if test -e "file2721cb6544-win.def"; then \
     echo d:/Compiler/rtools40/mingw64/bin/g++ -shared -s -static-libgcc -o file2721cb6544.dll file2721cb6544-win.def file2721cb6544.o -L"d:/Compiler/gcc-4.9.3/local330/lib/x64" -L"d:/Compiler/gcc-4.9.3/local330/lib" -L"D:/RCompile/recent/R/bin/x64" -lR ; \
     d:/Compiler/rtools40/mingw64/bin/g++ -shared -s -static-libgcc -o file2721cb6544.dll file2721cb6544-win.def file2721cb6544.o -L"d:/Compiler/gcc-4.9.3/local330/lib/x64" -L"d:/Compiler/gcc-4.9.3/local330/lib" -L"D:/RCompile/recent/R/bin/x64" -lR ; \
     else \
     echo EXPORTS > tmp.def; \
     d:/Compiler/rtools40/mingw64/bin/nm file2721cb6544.o | sed -n 's/^.* [BCDRT] / /p' | sed -e '/[.]refptr[.]/d' -e '/[.]weak[.]/d' | sed 's/[^ ][^ ]*/"&"/g' >> tmp.def; \
     echo d:/Compiler/rtools40/mingw64/bin/g++ -shared -s -static-libgcc -o file2721cb6544.dll tmp.def file2721cb6544.o -L"d:/Compiler/gcc-4.9.3/local330/lib/x64" -L"d:/Compiler/gcc-4.9.3/local330/lib" -L"D:/RCompile/recent/R/bin/x64" -lR ; \
     d:/Compiler/rtools40/mingw64/bin/g++ -shared -s -static-libgcc -o file2721cb6544.dll tmp.def file2721cb6544.o -L"d:/Compiler/gcc-4.9.3/local330/lib/x64" -L"d:/Compiler/gcc-4.9.3/local330/lib" -L"D:/RCompile/recent/R/bin/x64" -lR ; \
     rm -f tmp.def; \
     fi \
    fi
    make[1]: Leaving directory '/d/temp/RtmpKUb034'
    Quitting from lines 205-211 (getting_started.Rmd)
    Quitting from lines 205-211 (getting_started.Rmd)
    Error: processing vignette 'getting_started.Rmd' failed with diagnostics:
    invalid connection
    --- failed re-building 'getting_started.Rmd'
    
    SUMMARY: processing the following file failed:
     'getting_started.Rmd'
    
    Error: Vignette re-building failed.
    Execution halted
Flavor: r-devel-windows-ix86+x86_64

Version: 0.2.1
Check: re-building of vignette outputs
Result: WARN
    Error(s) in re-building vignettes:
    --- re-building 'getting_started.Rmd' using rmarkdown
    Loading required package: rjags
    Loading required package: coda
    Linked to JAGS 4.3.0
    Loaded modules: basemod,bugs
    
    Attaching package: 'R2jags'
    
    The following object is masked from 'package:coda':
    
     traceplot
    
    module glm loaded
    Loading required package: MASS
    ##
    ## Markov Chain Monte Carlo Package (MCMCpack)
    ## Copyright (C) 2003-2020 Andrew D. Martin, Kevin M. Quinn, and Jong Hee Park
    ##
    ## Support provided by the U.S. National Science Foundation
    ## (Grants SES-0350646 and SES-0350613)
    ##
    Loading required package: StanHeaders
    Loading required package: ggplot2
    rstan (Version 2.21.2, GitRev: 2e1f913d3ca3)
    For execution on a local, multicore CPU with excess RAM we recommend calling
    options(mc.cores = parallel::detectCores()).
    To avoid recompilation of unchanged Stan programs, we recommend calling
    rstan_options(auto_write = TRUE)
    Do not specify '-march=native' in 'LOCAL_CPPFLAGS' or a Makevars file
    
    Attaching package: 'rstan'
    
    The following object is masked from 'package:R2jags':
    
     traceplot
    
    The following object is masked from 'package:coda':
    
     traceplot
    
    make cmd is
     make -f "D:/RCompile/recent/R-40~1.3/etc/x64/Makeconf" -f "D:/RCompile/recent/R-40~1.3/etc/x64/Makevars.site" -f "D:/RCompile/recent/R-40~1.3/share/make/winshlib.mk" CXX='$(CXX14) $(CXX14STD)' CXXFLAGS='$(CXX14FLAGS)' CXXPICFLAGS='$(CXX14PICFLAGS)' SHLIB_LDFLAGS='$(SHLIB_CXX14LDFLAGS)' SHLIB_LD='$(SHLIB_CXX14LD)' SHLIB="file1cfc87e542f95.dll" WIN=64 TCLBIN=64 OBJECTS="file1cfc87e542f95.o"
    
    make would use
    make[1]: Entering directory '/d/temp/RtmpCixSG2'
    if test "zfile1cfc87e542f95.o" != "z"; then \
     if test -e "file1cfc87e542f95-win.def"; then \
     echo d:/Compiler/rtools40/mingw64/bin/g++ -shared -s -static-libgcc -o file1cfc87e542f95.dll file1cfc87e542f95-win.def file1cfc87e542f95.o -L"d:/Compiler/gcc-4.9.3/local330/lib/x64" -L"d:/Compiler/gcc-4.9.3/local330/lib" -L"D:/RCompile/recent/R-40~1.3/bin/x64" -lR ; \
     d:/Compiler/rtools40/mingw64/bin/g++ -shared -s -static-libgcc -o file1cfc87e542f95.dll file1cfc87e542f95-win.def file1cfc87e542f95.o -L"d:/Compiler/gcc-4.9.3/local330/lib/x64" -L"d:/Compiler/gcc-4.9.3/local330/lib" -L"D:/RCompile/recent/R-40~1.3/bin/x64" -lR ; \
     else \
     echo EXPORTS > tmp.def; \
     d:/Compiler/rtools40/mingw64/bin/nm file1cfc87e542f95.o | sed -n 's/^.* [BCDRT] / /p' | sed -e '/[.]refptr[.]/d' -e '/[.]weak[.]/d' | sed 's/[^ ][^ ]*/"&"/g' >> tmp.def; \
     echo d:/Compiler/rtools40/mingw64/bin/g++ -shared -s -static-libgcc -o file1cfc87e542f95.dll tmp.def file1cfc87e542f95.o -L"d:/Compiler/gcc-4.9.3/local330/lib/x64" -L"d:/Compiler/gcc-4.9.3/local330/lib" -L"D:/RCompile/recent/R-40~1.3/bin/x64" -lR ; \
     d:/Compiler/rtools40/mingw64/bin/g++ -shared -s -static-libgcc -o file1cfc87e542f95.dll tmp.def file1cfc87e542f95.o -L"d:/Compiler/gcc-4.9.3/local330/lib/x64" -L"d:/Compiler/gcc-4.9.3/local330/lib" -L"D:/RCompile/recent/R-40~1.3/bin/x64" -lR ; \
     rm -f tmp.def; \
     fi \
    fi
    make[1]: Leaving directory '/d/temp/RtmpCixSG2'
    Quitting from lines 205-211 (getting_started.Rmd)
    Quitting from lines 205-211 (getting_started.Rmd)
    Error: processing vignette 'getting_started.Rmd' failed with diagnostics:
    invalid connection
    --- failed re-building 'getting_started.Rmd'
    
    SUMMARY: processing the following file failed:
     'getting_started.Rmd'
    
    Error: Vignette re-building failed.
    Execution halted
Flavor: r-release-windows-ix86+x86_64

Version: 0.2.1
Check: re-building of vignette outputs
Result: WARN
    Error(s) in re-building vignettes:
    --- re-building 'getting_started.Rmd' using rmarkdown
    Loading required package: rjags
    Loading required package: coda
    Linked to JAGS 4.3.0
    Loaded modules: basemod,bugs
    
    Attaching package: 'R2jags'
    
    The following object is masked from 'package:coda':
    
     traceplot
    
    module glm loaded
    Loading required package: MASS
    ##
    ## Markov Chain Monte Carlo Package (MCMCpack)
    ## Copyright (C) 2003-2020 Andrew D. Martin, Kevin M. Quinn, and Jong Hee Park
    ##
    ## Support provided by the U.S. National Science Foundation
    ## (Grants SES-0350646 and SES-0350613)
    ##
    Loading required package: StanHeaders
    Loading required package: ggplot2
    rstan (Version 2.21.2, GitRev: 2e1f913d3ca3)
    For execution on a local, multicore CPU with excess RAM we recommend calling
    options(mc.cores = parallel::detectCores()).
    To avoid recompilation of unchanged Stan programs, we recommend calling
    rstan_options(auto_write = TRUE)
    Do not specify '-march=native' in 'LOCAL_CPPFLAGS' or a Makevars file
    
    Attaching package: 'rstan'
    
    The following object is masked from 'package:R2jags':
    
     traceplot
    
    The following object is masked from 'package:coda':
    
     traceplot
    
    make cmd is
     make -f "D:/RCompile/recent/R-36~1.3/etc/x64/Makeconf" -f "D:/RCompile/recent/R-36~1.3/etc/x64/Makevars.site" -f "D:/RCompile/recent/R-36~1.3/share/make/winshlib.mk" CXX='$(CXX11) $(CXX11STD)' CXXFLAGS='$(CXX11FLAGS)' CXXPICFLAGS='$(CXX11PICFLAGS)' SHLIB_LDFLAGS='$(SHLIB_CXX11LDFLAGS)' SHLIB_LD='$(SHLIB_CXX11LD)' SHLIB="file20e7c289f62ab.dll" WIN=64 TCLBIN=64 OBJECTS="file20e7c289f62ab.o"
    
    make would use
    make[1]: Entering directory `/cygdrive/d/temp/RtmpADzDuj'
    if test "zfile20e7c289f62ab.o" != "z"; then \
     if test -e "file20e7c289f62ab-win.def"; then \
     echo d:/Compiler/gcc-4.9.3/mingw_64/bin/g++ -m64 -shared -s -static-libgcc -o file20e7c289f62ab.dll file20e7c289f62ab-win.def file20e7c289f62ab.o -L"d:/Compiler/gcc-4.9.3/local330/lib/x64" -L"d:/Compiler/gcc-4.9.3/local330/lib" -L"D:/RCompile/recent/R-36~1.3/bin/x64" -lR ; \
     d:/Compiler/gcc-4.9.3/mingw_64/bin/g++ -m64 -shared -s -static-libgcc -o file20e7c289f62ab.dll file20e7c289f62ab-win.def file20e7c289f62ab.o -L"d:/Compiler/gcc-4.9.3/local330/lib/x64" -L"d:/Compiler/gcc-4.9.3/local330/lib" -L"D:/RCompile/recent/R-36~1.3/bin/x64" -lR ; \
     else \
     echo EXPORTS > tmp.def; \
     d:/Compiler/gcc-4.9.3/mingw_64/bin/nm file20e7c289f62ab.o | sed -n 's/^.* [BCDRT] / /p' | sed -e '/[.]refptr[.]/d' -e '/[.]weak[.]/d' | sed 's/[^ ][^ ]*/"&"/g' >> tmp.def; \
     echo d:/Compiler/gcc-4.9.3/mingw_64/bin/g++ -m64 -shared -s -static-libgcc -o file20e7c289f62ab.dll tmp.def file20e7c289f62ab.o -L"d:/Compiler/gcc-4.9.3/local330/lib/x64" -L"d:/Compiler/gcc-4.9.3/local330/lib" -L"D:/RCompile/recent/R-36~1.3/bin/x64" -lR ; \
     d:/Compiler/gcc-4.9.3/mingw_64/bin/g++ -m64 -shared -s -static-libgcc -o file20e7c289f62ab.dll tmp.def file20e7c289f62ab.o -L"d:/Compiler/gcc-4.9.3/local330/lib/x64" -L"d:/Compiler/gcc-4.9.3/local330/lib" -L"D:/RCompile/recent/R-36~1.3/bin/x64" -lR ; \
     rm -f tmp.def; \
     fi \
    fi
    make[1]: Leaving directory `/cygdrive/d/temp/RtmpADzDuj'
    Quitting from lines 205-211 (getting_started.Rmd)
    Quitting from lines 205-211 (getting_started.Rmd)
    Error: processing vignette 'getting_started.Rmd' failed with diagnostics:
    invalid connection
    --- failed re-building 'getting_started.Rmd'
    
    SUMMARY: processing the following file failed:
     'getting_started.Rmd'
    
    Error: Vignette re-building failed.
    Execution halted
Flavor: r-oldrel-windows-ix86+x86_64