Last updated on 2020-12-04 00:48:16 CET.
Flavor | Version | Tinstall | Tcheck | Ttotal | Status | Flags |
---|---|---|---|---|---|---|
r-devel-linux-x86_64-debian-clang | 1.5.5 | 23.83 | 188.75 | 212.58 | NOTE | |
r-devel-linux-x86_64-debian-gcc | 1.5.5 | 16.24 | 140.96 | 157.20 | NOTE | |
r-devel-linux-x86_64-fedora-clang | 1.5.5 | 255.26 | NOTE | |||
r-devel-linux-x86_64-fedora-gcc | 1.5.5 | 253.12 | NOTE | |||
r-devel-windows-ix86+x86_64 | 1.5.5 | 53.00 | 213.00 | 266.00 | NOTE | |
r-patched-linux-x86_64 | 1.5.5 | 17.68 | 172.41 | 190.09 | NOTE | |
r-patched-solaris-x86 | 1.5.5 | 345.50 | NOTE | |||
r-release-linux-x86_64 | 1.5.5 | 17.11 | 171.51 | 188.62 | NOTE | |
r-release-macos-x86_64 | 1.5.5 | NOTE | ||||
r-release-windows-ix86+x86_64 | 1.5.5 | 39.00 | 197.00 | 236.00 | NOTE | |
r-oldrel-macos-x86_64 | 1.5.5 | NOTE | ||||
r-oldrel-windows-ix86+x86_64 | 1.5.5 | 46.00 | 200.00 | 246.00 | NOTE |
Version: 1.5.5
Check: package dependencies
Result: NOTE
Package suggested but not available for checking: 'cyjShiny'
Flavors: r-devel-linux-x86_64-debian-clang, r-devel-linux-x86_64-debian-gcc, r-devel-linux-x86_64-fedora-clang, r-devel-linux-x86_64-fedora-gcc, r-devel-windows-ix86+x86_64, r-patched-linux-x86_64, r-patched-solaris-x86, r-release-linux-x86_64, r-release-macos-x86_64, r-release-windows-ix86+x86_64, r-oldrel-macos-x86_64, r-oldrel-windows-ix86+x86_64