CRAN Package Check Results for Package BayesMallows

Last updated on 2020-12-04 00:48:16 CET.

Flavor Version Tinstall Tcheck Ttotal Status Flags
r-devel-linux-x86_64-debian-clang 0.5.0 180.47 102.36 282.83 OK
r-devel-linux-x86_64-debian-gcc 0.5.0 117.21 75.71 192.92 OK
r-devel-linux-x86_64-fedora-clang 0.5.0 394.82 NOTE
r-devel-linux-x86_64-fedora-gcc 0.5.0 344.17 OK
r-devel-windows-ix86+x86_64 0.5.0 420.00 207.00 627.00 OK
r-patched-linux-x86_64 0.5.0 140.13 99.42 239.55 OK
r-patched-solaris-x86 0.5.0 328.10 OK
r-release-linux-x86_64 0.5.0 139.34 101.04 240.38 OK
r-release-macos-x86_64 0.5.0 NOTE
r-release-windows-ix86+x86_64 0.5.0 320.00 160.00 480.00 OK
r-oldrel-macos-x86_64 0.5.0 NOTE
r-oldrel-windows-ix86+x86_64 0.5.0 347.00 203.00 550.00 OK

Check Details

Version: 0.5.0
Check: installed package size
Result: NOTE
     installed size is 7.8Mb
     sub-directories of 1Mb or more:
     doc 1.4Mb
     libs 5.8Mb
Flavors: r-devel-linux-x86_64-fedora-clang, r-release-macos-x86_64, r-oldrel-macos-x86_64