CRAN Package Check Results for Package BayesFactor

Last updated on 2020-12-04 00:48:16 CET.

Flavor Version Tinstall Tcheck Ttotal Status Flags
r-devel-linux-x86_64-debian-clang 0.9.12-4.2 290.31 288.21 578.52 OK
r-devel-linux-x86_64-debian-gcc 0.9.12-4.2 179.93 217.72 397.65 OK
r-devel-linux-x86_64-fedora-clang 0.9.12-4.2 766.59 NOTE
r-devel-linux-x86_64-fedora-gcc 0.9.12-4.2 687.52 OK
r-devel-windows-ix86+x86_64 0.9.12-4.2 618.00 401.00 1019.00 NOTE
r-patched-linux-x86_64 0.9.12-4.2 226.30 272.16 498.46 OK
r-patched-solaris-x86 0.9.12-4.2 776.40 NOTE
r-release-linux-x86_64 0.9.12-4.2 219.13 267.56 486.69 OK
r-release-macos-x86_64 0.9.12-4.2 NOTE
r-release-windows-ix86+x86_64 0.9.12-4.2 435.00 306.00 741.00 NOTE
r-oldrel-macos-x86_64 0.9.12-4.2 NOTE
r-oldrel-windows-ix86+x86_64 0.9.12-4.2 440.00 366.00 806.00 NOTE

Check Details

Version: 0.9.12-4.2
Check: installed package size
Result: NOTE
     installed size is 22.4Mb
     sub-directories of 1Mb or more:
     doc 5.4Mb
     libs 15.8Mb
Flavors: r-devel-linux-x86_64-fedora-clang, r-devel-windows-ix86+x86_64, r-patched-solaris-x86, r-release-macos-x86_64, r-release-windows-ix86+x86_64, r-oldrel-macos-x86_64, r-oldrel-windows-ix86+x86_64

Version: 0.9.12-4.2
Check: package dependencies
Result: NOTE
    Package suggested but not available for checking: 'doMC'
Flavors: r-devel-windows-ix86+x86_64, r-release-windows-ix86+x86_64, r-oldrel-windows-ix86+x86_64