CRAN Package Check Results for Package Barycenter

Last updated on 2020-12-04 00:48:16 CET.

Flavor Version Tinstall Tcheck Ttotal Status Flags
r-devel-linux-x86_64-debian-clang 1.3.1 68.93 32.56 101.49 OK
r-devel-linux-x86_64-debian-gcc 1.3.1 42.77 25.57 68.34 OK
r-devel-linux-x86_64-fedora-clang 1.3.1 142.29 NOTE
r-devel-linux-x86_64-fedora-gcc 1.3.1 120.20 OK
r-devel-windows-ix86+x86_64 1.3.1 155.00 84.00 239.00 NOTE
r-patched-linux-x86_64 1.3.1 55.56 31.55 87.11 OK
r-patched-solaris-x86 1.3.1 137.90 OK
r-release-linux-x86_64 1.3.1 53.00 31.74 84.74 OK
r-release-macos-x86_64 1.3.1 NOTE
r-release-windows-ix86+x86_64 1.3.1 119.00 90.00 209.00 NOTE
r-oldrel-macos-x86_64 1.3.1 NOTE
r-oldrel-windows-ix86+x86_64 1.3.1 110.00 82.00 192.00 OK

Check Details

Version: 1.3.1
Check: installed package size
Result: NOTE
     installed size is 6.1Mb
     sub-directories of 1Mb or more:
     data 2.8Mb
     libs 3.1Mb
Flavors: r-devel-linux-x86_64-fedora-clang, r-devel-windows-ix86+x86_64, r-release-macos-x86_64, r-release-windows-ix86+x86_64, r-oldrel-macos-x86_64