CRAN Package Check Results for Package BacArena

Last updated on 2020-12-04 00:48:16 CET.

Flavor Version Tinstall Tcheck Ttotal Status Flags
r-devel-linux-x86_64-debian-clang 1.8.2 94.00 349.14 443.14 OK
r-devel-linux-x86_64-debian-gcc 1.8.2 70.10 259.50 329.60 OK
r-devel-linux-x86_64-fedora-clang 1.8.2 552.50 NOTE
r-devel-linux-x86_64-fedora-gcc 1.8.2 535.22 NOTE
r-devel-windows-ix86+x86_64 1.8.2 205.00 583.00 788.00 NOTE
r-patched-linux-x86_64 1.8.2 79.69 332.62 412.31 OK
r-patched-solaris-x86 1.8.2 689.90 NOTE
r-release-linux-x86_64 1.8.2 77.93 333.29 411.22 OK
r-release-macos-x86_64 1.8.2 NOTE
r-release-windows-ix86+x86_64 1.8.2 154.00 463.00 617.00 NOTE
r-oldrel-macos-x86_64 1.8.2 NOTE
r-oldrel-windows-ix86+x86_64 1.8.2 162.00 569.00 731.00 NOTE

Check Details

Version: 1.8.2
Check: installed package size
Result: NOTE
     installed size is 8.8Mb
     sub-directories of 1Mb or more:
     R 1.2Mb
     data 3.3Mb
     libs 3.7Mb
Flavors: r-devel-linux-x86_64-fedora-clang, r-devel-windows-ix86+x86_64, r-patched-solaris-x86, r-release-macos-x86_64, r-release-windows-ix86+x86_64, r-oldrel-macos-x86_64, r-oldrel-windows-ix86+x86_64

Version: 1.8.2
Check: dependencies in R code
Result: NOTE
    Namespace in Imports field not imported from: ‘glpkAPI’
     All declared Imports should be used.
Flavors: r-devel-linux-x86_64-fedora-clang, r-devel-linux-x86_64-fedora-gcc, r-patched-solaris-x86, r-release-macos-x86_64, r-oldrel-macos-x86_64