CRAN Package Check Results for Package BaMORC

Last updated on 2020-12-04 00:48:16 CET.

Flavor Version Tinstall Tcheck Ttotal Status Flags
r-devel-linux-x86_64-debian-clang 1.0.1 13.19 112.05 125.24 OK
r-devel-linux-x86_64-debian-gcc 1.0.1 10.35 78.27 88.62 OK
r-devel-linux-x86_64-fedora-clang 1.0.1 149.53 NOTE
r-devel-linux-x86_64-fedora-gcc 1.0.1 141.76 NOTE
r-devel-windows-ix86+x86_64 1.0.1 26.00 138.00 164.00 NOTE
r-patched-linux-x86_64 1.0.1 12.23 116.10 128.33 OK
r-patched-solaris-x86 1.0.1 206.60 NOTE
r-release-linux-x86_64 1.0.1 11.93 116.66 128.59 OK
r-release-macos-x86_64 1.0.1 NOTE
r-release-windows-ix86+x86_64 1.0.1 21.00 143.00 164.00 NOTE
r-oldrel-macos-x86_64 1.0.1 NOTE
r-oldrel-windows-ix86+x86_64 1.0.1 33.00 162.00 195.00 NOTE

Check Details

Version: 1.0.1
Check: installed package size
Result: NOTE
     installed size is 5.5Mb
     sub-directories of 1Mb or more:
     data 4.6Mb
Flavors: r-devel-linux-x86_64-fedora-clang, r-devel-windows-ix86+x86_64, r-patched-solaris-x86, r-release-macos-x86_64, r-release-windows-ix86+x86_64, r-oldrel-macos-x86_64, r-oldrel-windows-ix86+x86_64

Version: 1.0.1
Check: dependencies in R code
Result: NOTE
    Namespaces in Imports field not imported from:
     ‘devtools’ ‘docopt’
     All declared Imports should be used.
Flavors: r-devel-linux-x86_64-fedora-clang, r-devel-linux-x86_64-fedora-gcc, r-patched-solaris-x86, r-release-macos-x86_64, r-oldrel-macos-x86_64