Last updated on 2020-12-04 00:48:17 CET.
Flavor | Version | Tinstall | Tcheck | Ttotal | Status | Flags |
---|---|---|---|---|---|---|
r-devel-linux-x86_64-debian-clang | 2.1.4 | 65.56 | 122.67 | 188.23 | OK | |
r-devel-linux-x86_64-debian-gcc | 2.1.4 | 66.44 | 91.15 | 157.59 | OK | |
r-devel-linux-x86_64-fedora-clang | 2.1.4 | 271.20 | OK | |||
r-devel-linux-x86_64-fedora-gcc | 2.1.4 | 267.15 | OK | |||
r-devel-windows-ix86+x86_64 | 2.1.4 | 159.00 | 172.00 | 331.00 | OK | |
r-patched-linux-x86_64 | 2.1.4 | 69.81 | 111.42 | 181.23 | OK | |
r-patched-solaris-x86 | 2.1.4 | 502.20 | OK | |||
r-release-linux-x86_64 | 2.1.4 | 68.75 | 111.95 | 180.70 | OK | |
r-release-macos-x86_64 | 2.1.4 | NOTE | ||||
r-release-windows-ix86+x86_64 | 2.1.4 | 119.00 | 136.00 | 255.00 | OK | |
r-oldrel-macos-x86_64 | 2.1.4 | OK | ||||
r-oldrel-windows-ix86+x86_64 | 2.1.4 | 120.00 | 169.00 | 289.00 | OK |
Version: 2.1.4
Check: installed package size
Result: NOTE
installed size is 5.1Mb
sub-directories of 1Mb or more:
libs 4.7Mb
Flavor: r-release-macos-x86_64