CRAN Package Check Results for Package BLRShiny

Last updated on 2020-12-04 00:48:17 CET.

Flavor Version Tinstall Tcheck Ttotal Status Flags
r-devel-linux-x86_64-debian-clang 0.1.0 2.98 18.99 21.97 OK
r-devel-linux-x86_64-debian-gcc 0.1.0 2.74 16.14 18.88 OK
r-devel-linux-x86_64-fedora-clang 0.1.0 33.68 NOTE
r-devel-linux-x86_64-fedora-gcc 0.1.0 23.85 NOTE
r-devel-windows-ix86+x86_64 0.1.0 7.00 35.00 42.00 OK
r-patched-linux-x86_64 0.1.0 3.06 18.75 21.81 OK
r-patched-solaris-x86 0.1.0 39.00 NOTE
r-release-linux-x86_64 0.1.0 2.88 18.82 21.70 OK
r-release-macos-x86_64 0.1.0 NOTE
r-release-windows-ix86+x86_64 0.1.0 5.00 26.00 31.00 OK
r-oldrel-macos-x86_64 0.1.0 NOTE
r-oldrel-windows-ix86+x86_64 0.1.0 4.00 32.00 36.00 OK

Check Details

Version: 0.1.0
Check: dependencies in R code
Result: NOTE
    Namespaces in Imports field not imported from:
     ‘caret’ ‘datasets’ ‘dplyr’ ‘e1071’ ‘ggplot2’ ‘rhandsontable’ ‘shiny’
     All declared Imports should be used.
Flavors: r-devel-linux-x86_64-fedora-clang, r-devel-linux-x86_64-fedora-gcc, r-patched-solaris-x86, r-release-macos-x86_64, r-oldrel-macos-x86_64