CRAN Package Check Results for Package BIFIEsurvey

Last updated on 2020-12-04 00:48:17 CET.

Flavor Version Tinstall Tcheck Ttotal Status Flags
r-devel-linux-x86_64-debian-clang 3.3-12 154.42 89.20 243.62 OK
r-devel-linux-x86_64-debian-gcc 3.3-12 116.62 67.26 183.88 OK
r-devel-linux-x86_64-fedora-clang 3.3-12 339.96 NOTE
r-devel-linux-x86_64-fedora-gcc 3.3-12 332.07 OK
r-devel-windows-ix86+x86_64 3.3-12 351.00 154.00 505.00 NOTE
r-patched-linux-x86_64 3.3-12 132.80 82.31 215.11 OK
r-patched-solaris-x86 3.3-12 310.90 OK
r-release-linux-x86_64 3.3-12 127.27 83.76 211.03 OK
r-release-macos-x86_64 3.3-12 NOTE
r-release-windows-ix86+x86_64 3.3-12 258.00 144.00 402.00 NOTE
r-oldrel-macos-x86_64 3.3-12 NOTE
r-oldrel-windows-ix86+x86_64 3.3-12 276.00 143.00 419.00 OK

Check Details

Version: 3.3-12
Check: installed package size
Result: NOTE
     installed size is 12.4Mb
     sub-directories of 1Mb or more:
     data 1.4Mb
     libs 10.4Mb
Flavors: r-devel-linux-x86_64-fedora-clang, r-devel-windows-ix86+x86_64, r-release-macos-x86_64, r-release-windows-ix86+x86_64, r-oldrel-macos-x86_64