Last updated on 2020-12-04 00:48:17 CET.
Flavor | Version | Tinstall | Tcheck | Ttotal | Status | Flags |
---|---|---|---|---|---|---|
r-devel-linux-x86_64-debian-clang | 2.1.5 | 115.32 | 256.95 | 372.27 | OK | |
r-devel-linux-x86_64-debian-gcc | 2.1.5 | 82.97 | 186.52 | 269.49 | OK | |
r-devel-linux-x86_64-fedora-clang | 2.1.5 | 465.97 | NOTE | |||
r-devel-linux-x86_64-fedora-gcc | 2.1.5 | 454.85 | OK | |||
r-devel-windows-ix86+x86_64 | 2.1.5 | 252.00 | 404.00 | 656.00 | NOTE | |
r-patched-linux-x86_64 | 2.1.5 | 93.78 | 243.73 | 337.51 | OK | |
r-patched-solaris-x86 | 2.1.5 | 518.10 | NOTE | |||
r-release-linux-x86_64 | 2.1.5 | 94.11 | 242.68 | 336.79 | OK | |
r-release-macos-x86_64 | 2.1.5 | NOTE | ||||
r-release-windows-ix86+x86_64 | 2.1.5 | 189.00 | 306.00 | 495.00 | NOTE | |
r-oldrel-macos-x86_64 | 2.1.5 | NOTE | ||||
r-oldrel-windows-ix86+x86_64 | 2.1.5 | 194.00 | 386.00 | 580.00 | NOTE |
Version: 2.1.5
Check: installed package size
Result: NOTE
installed size is 10.3Mb
sub-directories of 1Mb or more:
doc 3.3Mb
libs 5.6Mb
Flavors: r-devel-linux-x86_64-fedora-clang, r-devel-windows-ix86+x86_64, r-patched-solaris-x86, r-release-macos-x86_64, r-release-windows-ix86+x86_64, r-oldrel-macos-x86_64, r-oldrel-windows-ix86+x86_64