Last updated on 2020-12-04 00:48:17 CET.
Flavor | Version | Tinstall | Tcheck | Ttotal | Status | Flags |
---|---|---|---|---|---|---|
r-devel-linux-x86_64-debian-clang | 0.4.9 | 16.81 | 122.74 | 139.55 | OK | |
r-devel-linux-x86_64-debian-gcc | 0.4.9 | 15.29 | 93.95 | 109.24 | OK | |
r-devel-linux-x86_64-fedora-clang | 0.4.9 | 173.35 | NOTE | |||
r-devel-linux-x86_64-fedora-gcc | 0.4.9 | 165.66 | OK | |||
r-devel-windows-ix86+x86_64 | 0.4.9 | 37.00 | 153.00 | 190.00 | OK | |
r-patched-linux-x86_64 | 0.4.9 | 15.49 | 113.93 | 129.42 | OK | |
r-patched-solaris-x86 | 0.4.9 | 220.70 | OK | |||
r-release-linux-x86_64 | 0.4.9 | 16.29 | 115.55 | 131.84 | OK | |
r-release-macos-x86_64 | 0.4.9 | OK | ||||
r-release-windows-ix86+x86_64 | 0.4.9 | 32.00 | 120.00 | 152.00 | OK | |
r-oldrel-macos-x86_64 | 0.4.9 | OK | ||||
r-oldrel-windows-ix86+x86_64 | 0.4.9 | 34.00 | 143.00 | 177.00 | OK |
Version: 0.4.9
Check: package dependencies
Result: NOTE
Imports includes 27 non-default packages.
Importing from so many packages makes the package vulnerable to any of
them becoming unavailable. Move as many as possible to Suggests and
use conditionally.
Flavor: r-devel-linux-x86_64-fedora-clang