Last updated on 2020-12-04 00:48:17 CET.
Flavor | Version | Tinstall | Tcheck | Ttotal | Status | Flags |
---|---|---|---|---|---|---|
r-devel-linux-x86_64-debian-clang | 2.63 | 46.87 | 47.84 | 94.71 | OK | |
r-devel-linux-x86_64-debian-gcc | 2.63 | 39.30 | 37.36 | 76.66 | OK | |
r-devel-linux-x86_64-fedora-clang | 2.63 | 146.09 | NOTE | |||
r-devel-linux-x86_64-fedora-gcc | 2.63 | 124.88 | OK | |||
r-devel-windows-ix86+x86_64 | 2.63 | 97.00 | 78.00 | 175.00 | OK | |
r-patched-linux-x86_64 | 2.63 | 44.58 | 44.93 | 89.51 | OK | |
r-patched-solaris-x86 | 2.63 | 146.20 | OK | |||
r-release-linux-x86_64 | 2.63 | 45.13 | 44.62 | 89.75 | OK | |
r-release-macos-x86_64 | 2.63 | OK | ||||
r-release-windows-ix86+x86_64 | 2.63 | 75.00 | 73.00 | 148.00 | OK | |
r-oldrel-macos-x86_64 | 2.63 | OK | ||||
r-oldrel-windows-ix86+x86_64 | 2.63 | 88.00 | 79.00 | 167.00 | OK |
Version: 2.63
Check: installed package size
Result: NOTE
installed size is 6.1Mb
sub-directories of 1Mb or more:
libs 4.8Mb
Flavor: r-devel-linux-x86_64-fedora-clang
Version: 2.63
Check: Rd cross-references
Result: NOTE
Undeclared packages ‘ssgraph’, ‘huge’ in Rd xrefs
Flavor: r-devel-linux-x86_64-fedora-clang