CRAN Package Check Results for Package BCEA

Last updated on 2020-12-04 00:48:16 CET.

Flavor Version Tinstall Tcheck Ttotal Status Flags
r-devel-linux-x86_64-debian-clang 2.3-1.1 10.86 88.53 99.39 NOTE
r-devel-linux-x86_64-debian-gcc 2.3-1.1 9.90 65.49 75.39 NOTE
r-devel-linux-x86_64-fedora-clang 2.3-1.1 123.09 OK
r-devel-linux-x86_64-fedora-gcc 2.3-1.1 114.42 OK
r-devel-windows-ix86+x86_64 2.3-1.1 16.00 107.00 123.00 OK
r-patched-linux-x86_64 2.3-1.1 8.63 80.58 89.21 NOTE
r-patched-solaris-x86 2.3-1.1 152.90 NOTE
r-release-linux-x86_64 2.3-1.1 9.21 81.03 90.24 NOTE
r-release-macos-x86_64 2.3-1.1 NOTE
r-release-windows-ix86+x86_64 2.3-1.1 13.00 82.00 95.00 OK
r-oldrel-macos-x86_64 2.3-1.1 NOTE
r-oldrel-windows-ix86+x86_64 2.3-1.1 13.00 99.00 112.00 OK

Check Details

Version: 2.3-1.1
Check: package dependencies
Result: NOTE
    Package suggested but not available for checking: 'INLA'
Flavors: r-devel-linux-x86_64-debian-clang, r-devel-linux-x86_64-debian-gcc, r-patched-linux-x86_64, r-patched-solaris-x86, r-release-linux-x86_64, r-release-macos-x86_64, r-oldrel-macos-x86_64